{"id":1711,"date":"2025-02-15T19:26:14","date_gmt":"2025-02-15T17:26:14","guid":{"rendered":"http:\/\/www.naturverbundene-kinderbetreuung.de\/?page_id=1711"},"modified":"2026-01-26T20:14:12","modified_gmt":"2026-01-26T18:14:12","slug":"unsere-tiere-2","status":"publish","type":"page","link":"https:\/\/www.naturverbundene-kinderbetreuung.de\/?page_id=1711","title":{"rendered":"unsere Tiere"},"content":{"rendered":"<p style=\"text-align: center;\"><strong><a href=\"http:\/\/www.naturverbundene-kinderbetreuung.de\/wp-content\/uploads\/2014\/12\/B\u00e4r-2.jpg\"><img loading=\"lazy\" decoding=\"async\" class=\"alignleft wp-image-1083\" src=\"http:\/\/www.naturverbundene-kinderbetreuung.de\/wp-content\/uploads\/2014\/12\/B\u00e4r-2-245x300.jpg\" alt=\"B\u00e4r 2\" width=\"150\" height=\"184\" srcset=\"https:\/\/www.naturverbundene-kinderbetreuung.de\/wp-content\/uploads\/2014\/12\/B\u00e4r-2-245x300.jpg 245w, https:\/\/www.naturverbundene-kinderbetreuung.de\/wp-content\/uploads\/2014\/12\/B\u00e4r-2.jpg 496w\" sizes=\"auto, (max-width: 150px) 100vw, 150px\" \/><\/a><\/strong><\/p>\r\n<p><strong><span style=\"color: #ff0000;\">Wir Erwachsene haben die PFLICHT unseren Kindern den Respekt vor Tieren zu vermitteln. Wir alle sind Lebewesen unseres Planeten.\u00a0 Kein Lebewesen hat das Recht ein Anderes zu unterdr\u00fccken, zu qu\u00e4len.<\/span><\/strong><\/p>\r\n<p style=\"text-align: center;\"><strong><span style=\"color: #800000;\">Die Tiere finden zu uns, nicht wir sie.<\/span><\/strong><span style=\"color: #800000;\"> <strong>&#8222;Tierp\u00e4dagogik&#8220;<\/strong> hat sich zu einem wichtigen Bestandteil in der Kinder- und Jugendbetreuung herauskristallisiert. <\/span><span style=\"color: #800000;\">Die Kinder lernen durch den Kontakt mit Tieren deren Verhalten und wie SIE sich in entsprechenden Momenten verhalten sollten.\u00a0 Tiere f\u00f6rdern das Erlernen von Sozialkompetenz und Empathie. Tiere \u00f6ffnen Kinder, gerade in\u00a0 schwierigen pers\u00f6nlichen Situationen und sind ihnen dann eine wichtige St\u00fctze.<\/span> <span style=\"color: #800000;\">Tierhaltung erweitert das Mikrobiom der Kinder. etc&#8230;<\/span><\/p>\r\n<p style=\"text-align: center;\"><a href=\"http:\/\/www.naturverbundene-kinderbetreuung.de\/wp-content\/uploads\/2013\/10\/P1030977.png\"><br \/><img loading=\"lazy\" decoding=\"async\" class=\"aligncenter wp-image-426 size-full\" src=\"http:\/\/www.naturverbundene-kinderbetreuung.de\/wp-content\/uploads\/2013\/10\/P1030977.png\" alt=\"P1030977\" width=\"464\" height=\"348\" srcset=\"https:\/\/www.naturverbundene-kinderbetreuung.de\/wp-content\/uploads\/2013\/10\/P1030977.png 464w, https:\/\/www.naturverbundene-kinderbetreuung.de\/wp-content\/uploads\/2013\/10\/P1030977-300x225.png 300w\" sizes=\"auto, (max-width: 464px) 100vw, 464px\" \/><\/a><span style=\"color: #800000;\">H\u00fcndin \u201eLotti\u201c haben wir 2008 liebevoll aufgenommen &#8211; sie war vorher teilweise auch in einem Tierheim.\u00a0 Die Kinder lieb(ten) Lotti.<\/span> <br \/><strong>Lotti ist am 18.01.2021 \u00fcber die Regenbogenbr\u00fccke gegangen. <br \/><\/strong><em>Mein Seelenhund fehlt mir unendlich &#8211; auch in der Kinderbetreuung<\/em><\/p>\r\n<p style=\"text-align: center;\"><span style=\"color: #800000;\"><strong>Versprechen an meine Lotti: <\/strong>Ich werde einen Hund aus einem Shelter (Tierheim) retten und ein restliches sch\u00f6nes Leben geben. So wie du es auch hattest&#8230; <a style=\"color: #800000;\" href=\"http:\/\/www.naturverbundene-kinderbetreuung.de\/wp-content\/uploads\/2021\/07\/20210528_102145-scaled.jpg\"><img loading=\"lazy\" decoding=\"async\" class=\"wp-image-1478 aligncenter\" src=\"http:\/\/www.naturverbundene-kinderbetreuung.de\/wp-content\/uploads\/2021\/07\/20210528_102145-scaled.jpg\" alt=\"\" width=\"515\" height=\"268\" srcset=\"https:\/\/www.naturverbundene-kinderbetreuung.de\/wp-content\/uploads\/2021\/07\/20210528_102145-scaled.jpg 2560w, https:\/\/www.naturverbundene-kinderbetreuung.de\/wp-content\/uploads\/2021\/07\/20210528_102145-300x156.jpg 300w, https:\/\/www.naturverbundene-kinderbetreuung.de\/wp-content\/uploads\/2021\/07\/20210528_102145-1024x533.jpg 1024w, https:\/\/www.naturverbundene-kinderbetreuung.de\/wp-content\/uploads\/2021\/07\/20210528_102145-768x399.jpg 768w, https:\/\/www.naturverbundene-kinderbetreuung.de\/wp-content\/uploads\/2021\/07\/20210528_102145-1536x799.jpg 1536w, https:\/\/www.naturverbundene-kinderbetreuung.de\/wp-content\/uploads\/2021\/07\/20210528_102145-2048x1065.jpg 2048w\" sizes=\"auto, (max-width: 515px) 100vw, 515px\" \/><\/a>H\u00fcndin Alwine &#8222;Aiwi&#8220; ist seit 2021 bei uns, geb. circa 2018. Aiwi kommt aus einem ungarischen Shelter. Sie ist sehr Menschenbezogen, freut sich \u00fcber Jeden der kommt, Kinder mag sie sehr. Verein:<\/span><span style=\"color: #3366ff;\">\u00a0<a style=\"color: #3366ff;\" href=\"https:\/\/www.born-to-live-tierhilfe.com\/\">https:\/\/www.born-to-live-tierhilfe.com\/<\/a> <\/span><a href=\"http:\/\/www.naturverbundene-kinderbetreuung.de\/wp-content\/uploads\/2023\/07\/20230613_161741.jpg\"><img loading=\"lazy\" decoding=\"async\" class=\"aligncenter wp-image-1587 \" src=\"http:\/\/www.naturverbundene-kinderbetreuung.de\/wp-content\/uploads\/2023\/07\/20230613_161741-e1690120583655.jpg\" alt=\"\" width=\"466\" height=\"351\" \/><\/a><span style=\"color: #800000;\">H\u00fcndin &#8222;Enya&#8220; ist seit 2023 bei uns, geb. circa 2017.\u00a0 Enya kommt aus einem rum\u00e4nischen Shelter. Der Verein Facebook: <span style=\"color: #3366ff;\">&#8222;Hope for catas Strays&#8220;<\/span> hatte Enya aus einer rum\u00e4nischen T\u00f6tung gerettet. Enya ist sehr verschmust, sie m\u00f6chte 6 Jahre ohne Schmuseeinheiten nachholen.<\/span><\/p>\r\n<h5><a href=\"http:\/\/www.naturverbundene-kinderbetreuung.de\/wp-content\/uploads\/2013\/10\/P1030972.png\"><img loading=\"lazy\" decoding=\"async\" class=\"aligncenter wp-image-431 size-full\" src=\"http:\/\/www.naturverbundene-kinderbetreuung.de\/wp-content\/uploads\/2013\/10\/P1030972.png\" alt=\"P1030972\" width=\"464\" height=\"348\" srcset=\"https:\/\/www.naturverbundene-kinderbetreuung.de\/wp-content\/uploads\/2013\/10\/P1030972.png 464w, https:\/\/www.naturverbundene-kinderbetreuung.de\/wp-content\/uploads\/2013\/10\/P1030972-300x225.png 300w\" sizes=\"auto, (max-width: 464px) 100vw, 464px\" \/><\/a><\/h5>\r\n<p style=\"text-align: center;\"><span style=\"color: #800000;\">Katze \u201eP\u00fcppi\u201c wurde 2008 als Baby von ihrer Katzenmutter versto\u00dfen. Sie ist ein Einzelg\u00e4nger, genie\u00dft das drau\u00dfen sein, an den Kindern huscht sie h\u00f6chstens mal vorbei. Im Garten \u201eversteckt\u201c sich P\u00fcppi, so dass sie doch etwas zu sehen ist und die Kinder laut \u201edaa P\u00fcppi\u201c rufen.<\/span><\/p>\r\n<p style=\"text-align: center;\"><span style=\"color: #800000;\"> <b><strong>Im Teich<\/strong><\/b> <\/span><a href=\"http:\/\/www.naturverbundene-kinderbetreuung.de\/wp-content\/uploads\/2013\/10\/P1030974.png\"><img loading=\"lazy\" decoding=\"async\" class=\"aligncenter wp-image-436 size-full\" src=\"http:\/\/www.naturverbundene-kinderbetreuung.de\/wp-content\/uploads\/2013\/10\/P1030974.png\" alt=\"P1030974\" width=\"464\" height=\"348\" srcset=\"https:\/\/www.naturverbundene-kinderbetreuung.de\/wp-content\/uploads\/2013\/10\/P1030974.png 464w, https:\/\/www.naturverbundene-kinderbetreuung.de\/wp-content\/uploads\/2013\/10\/P1030974-300x225.png 300w\" sizes=\"auto, (max-width: 464px) 100vw, 464px\" \/><\/a><span style=\"color: #800000;\">Die Kinder freuen sich \u00fcber die vielen Goldfische. <a style=\"color: #800000;\" href=\"http:\/\/www.naturverbundene-kinderbetreuung.de\/wp-content\/uploads\/2013\/10\/P1030858.jpg\"><img loading=\"lazy\" decoding=\"async\" class=\"aligncenter wp-image-491 \" src=\"http:\/\/www.naturverbundene-kinderbetreuung.de\/wp-content\/uploads\/2013\/10\/P1030858-300x225.jpg\" alt=\"P1030858\" width=\"405\" height=\"303\" srcset=\"https:\/\/www.naturverbundene-kinderbetreuung.de\/wp-content\/uploads\/2013\/10\/P1030858-300x225.jpg 300w, https:\/\/www.naturverbundene-kinderbetreuung.de\/wp-content\/uploads\/2013\/10\/P1030858-1024x768.jpg 1024w, https:\/\/www.naturverbundene-kinderbetreuung.de\/wp-content\/uploads\/2013\/10\/P1030858.jpg 1500w\" sizes=\"auto, (max-width: 405px) 100vw, 405px\" \/><\/a>Begeistert sind die Kinder auch von unseren Fr\u00f6schen. Im Fr\u00fchjahr geben Sie ihr Froschkonzert.<\/span><a href=\"http:\/\/www.naturverbundene-kinderbetreuung.de\/wp-content\/uploads\/2013\/10\/P1030816.png\"><img loading=\"lazy\" decoding=\"async\" class=\"aligncenter wp-image-369\" src=\"http:\/\/www.naturverbundene-kinderbetreuung.de\/wp-content\/uploads\/2013\/10\/P1030816.png\" alt=\"\" width=\"550\" height=\"413\" srcset=\"https:\/\/www.naturverbundene-kinderbetreuung.de\/wp-content\/uploads\/2013\/10\/P1030816.png 400w, https:\/\/www.naturverbundene-kinderbetreuung.de\/wp-content\/uploads\/2013\/10\/P1030816-300x225.png 300w\" sizes=\"auto, (max-width: 550px) 100vw, 550px\" \/><\/a><span style=\"color: #800000;\">Im Insektenhotel sind kleine Wildbienen beobachtbar. In der gesamten Zeit meiner T\u00e4tigkeit wurde noch nie ein Kind gestochen, denn die Kinder lernen das Verhalten gegen\u00fcber Tieren.\u00a0<\/span><\/p>\r\n<div class=\"wp-block-image\">\r\n<figure class=\"aligncenter size-large is-resized\"><img loading=\"lazy\" decoding=\"async\" width=\"1024\" height=\"964\" class=\"wp-image-1393 aligncenter\" src=\"http:\/\/www.naturverbundene-kinderbetreuung.de\/wp-content\/uploads\/2020\/05\/P1060951-1024x964.jpg\" alt=\"\" srcset=\"https:\/\/www.naturverbundene-kinderbetreuung.de\/wp-content\/uploads\/2020\/05\/P1060951-1024x964.jpg 1024w, https:\/\/www.naturverbundene-kinderbetreuung.de\/wp-content\/uploads\/2020\/05\/P1060951-300x282.jpg 300w, https:\/\/www.naturverbundene-kinderbetreuung.de\/wp-content\/uploads\/2020\/05\/P1060951-768x723.jpg 768w, https:\/\/www.naturverbundene-kinderbetreuung.de\/wp-content\/uploads\/2020\/05\/P1060951-1536x1445.jpg 1536w, https:\/\/www.naturverbundene-kinderbetreuung.de\/wp-content\/uploads\/2020\/05\/P1060951-2048x1927.jpg 2048w\" sizes=\"auto, (max-width: 1024px) 100vw, 1024px\" \/>\r\n<figcaption class=\"wp-element-caption\">\u00a0\u00a0\u00a0\u00a0\u00a0\u00a0\u00a0\u00a0\u00a0\u00a0\u00a0\u00a0\u00a0\u00a0\u00a0\u00a0\u00a0\u00a0\u00a0\u00a0\u00a0\u00a0\u00a0\u00a0\u00a0\u00a0\u00a0\u00a0\u00a0\u00a0\u00a0\u00a0\u00a0\u00a0\u00a0\u00a0\u00a0\u00a0\u00a0\u00a0\u00a0\u00a0\u00a0\u00a0\u00a0\u00a0\u00a0\u00a0\u00a0\u00a0\u00a0\u00a0\u00a0\u00a0\u00a0\u00a0\u00a0\u00a0\u00a0\u00a0\u00a0\u00a0\u00a0\u00a0\u00a0\u00a0\u00a0\u00a0\u00a0\u00a0\u00a0\u00a0\u00a0\u00a0\u00a0\u00a0\u00a0\u00a0\u00a0<span style=\"color: #800000;\">\u00a0\u00a0 Ein Eisvogel<\/span><\/figcaption>\r\n<\/figure>\r\n<\/div>\r\n\r\n\r\n<p>&nbsp;<\/p>\r\n","protected":false},"excerpt":{"rendered":"<p>Wir Erwachsene haben die PFLICHT unseren Kindern den Respekt vor Tieren zu vermitteln. Wir alle sind Lebewesen unseres Planeten.\u00a0 Kein Lebewesen hat das Recht ein Anderes zu unterdr\u00fccken, zu qu\u00e4len. Die Tiere finden zu uns, nicht wir sie. &#8222;Tierp\u00e4dagogik&#8220; hat sich zu einem wichtigen Bestandteil in der Kinder- und Jugendbetreuung herauskristallisiert. Die Kinder lernen durch [&hellip;]<\/p>\n","protected":false},"author":1,"featured_media":0,"parent":0,"menu_order":0,"comment_status":"closed","ping_status":"closed","template":"","meta":{"footnotes":""},"class_list":["post-1711","page","type-page","status-publish","hentry"],"_links":{"self":[{"href":"https:\/\/www.naturverbundene-kinderbetreuung.de\/index.php?rest_route=\/wp\/v2\/pages\/1711","targetHints":{"allow":["GET"]}}],"collection":[{"href":"https:\/\/www.naturverbundene-kinderbetreuung.de\/index.php?rest_route=\/wp\/v2\/pages"}],"about":[{"href":"https:\/\/www.naturverbundene-kinderbetreuung.de\/index.php?rest_route=\/wp\/v2\/types\/page"}],"author":[{"embeddable":true,"href":"https:\/\/www.naturverbundene-kinderbetreuung.de\/index.php?rest_route=\/wp\/v2\/users\/1"}],"replies":[{"embeddable":true,"href":"https:\/\/www.naturverbundene-kinderbetreuung.de\/index.php?rest_route=%2Fwp%2Fv2%2Fcomments&post=1711"}],"version-history":[{"count":7,"href":"https:\/\/www.naturverbundene-kinderbetreuung.de\/index.php?rest_route=\/wp\/v2\/pages\/1711\/revisions"}],"predecessor-version":[{"id":1780,"href":"https:\/\/www.naturverbundene-kinderbetreuung.de\/index.php?rest_route=\/wp\/v2\/pages\/1711\/revisions\/1780"}],"wp:attachment":[{"href":"https:\/\/www.naturverbundene-kinderbetreuung.de\/index.php?rest_route=%2Fwp%2Fv2%2Fmedia&parent=1711"}],"curies":[{"name":"wp","href":"https:\/\/api.w.org\/{rel}","templated":true}]}}